 of 25160?
1
What is the thousands digit of 2355?
2
What is the tens digit of 60?
6
What is the tens digit of 2519?
1
What is the thousands digit of 2961?
2
What is the units digit of 2795?
5
What is the hundreds digit of 20365?
3
What is the units digit of 1280?
0
What is the ten thousands digit of 12485?
1
What is the thousands digit of 12563?
2
What is the tens digit of 1248?
4
What is the tens digit of 275?
7
What is the units digit of 351?
1
What is the tens digit of 1374?
7
What is the hundreds digit of 66252?
2
What is the hundreds digit of 3341?
3
What is the units digit of 851?
1
What is the units digit of 690?
0
What is the tens digit of 70794?
9
What is the units digit of 31214?
4
What is the tens digit of 2220?
2
What is the tens digit of 62688?
8
What is the hundreds digit of 8227?
2
What is the hundreds digit of 22115?
1
What is the tens digit of 8334?
3
What is the hundreds digit of 10843?
8
What is the hundreds digit of 22829?
8
What is the units digit of 660?
0
What is the tens digit of 60613?
1
What is the hundreds digit of 2574?
5
What is the hundreds digit of 3288?
2
What is the hundreds digit of 10438?
4
What is the thousands digit of 34881?
4
What is the hundreds digit of 961?
9
What is the thousands digit of 20494?
0
What is the units digit of 50?
0
What is the units digit of 1701?
1
What is the units digit of 1009?
9
What is the units digit of 3?
3
What is the ten thousands digit of 58363?
5
What is the thousands digit of 88686?
8
What is the hundreds digit of 351?
3
What is the thousands digit of 6584?
6
What is the thousands digit of 2640?
2
What is the thousands digit of 159854?
9
What is the tens digit of 105116?
1
What is the units digit of 9947?
7
What is the hundreds digit of 1900?
9
What is the hundreds digit of 639?
6
What is the hundreds digit of 5138?
1
What is the units digit of 42253?
3
What is the units digit of 84743?
3
What is the tens digit of 194?
9
What is the units digit of 5042?
2
What is the units digit of 599?
9
What is the units digit of 24576?
6
What is the hundred thousands digit of 112647?
1
What is the tens digit of 1600?
0
What is the tens digit of 10155?
5
What is the thousands digit of 1707?
1
What is the hundreds digit of 35003?
0
What is the tens digit of 89431?
3
What is the hundreds digit of 1124?
1
What is the hundreds digit of 39453?
4
What is the hundreds digit of 13012?
0
What is the thousands digit of 1658?
1
What is the tens digit of 970?
7
What is the tens digit of 1214?
1
What is the thousands digit of 37472?
7
What is the thousands digit of 5672?
5
What is the thousands digit of 68796?
8
What is the ten thousands digit of 97597?
9
What is the units digit of 4785?
5
What is the units digit of 6337?
7
What is the tens digit of 1712?
1
What is the thousands digit of 99810?
9
What is the units digit of 4718?
8
What is the thousands digit of 7976?
7
What is the units digit of 54?
4
What is the units digit of 42668?
8
What is the tens digit of 7240?
4
What is the ten thousands digit of 16547?
1
What is the thousands digit of 9237?
9
What is the tens digit of 7218?
1
What is the ten thousands digit of 25588?
2
What is the units digit of 6614?
4
What is the thousands digit of 2735?
2
What is the units digit of 2992?
2
What is the hundreds digit of 2361?
3
What is the units digit of 9170?
0
What is the tens digit of 3788?
8
What is the ten thousands digit of 42002?
4
What is the tens digit of 6792?
9
What is the thousands digit of 3588?
3
What is the ten thousands digit of 40814?
4
What is the units digit of 977?
7
What is the hundreds digit of 67292?
2
What is the units digit of 7144?
4
What is the ten thousands digit of 10959?
1
What is the tens digit of 3730?
3
What is the thousands digit of 1557?
1
What is the tens digit of 21777?
7
What is the hundred thousands digit of 114472?
1
What is the tens digit of 272?
7
What is the tens digit of 17014?
1
What is the tens digit of 16696?
9
What is the tens digit of 5210?
1
What is the thousands digit of 24621?
4
What is the thousands digit of 11059?
1
What is the thousands digit of 34497?
4
What is the tens digit of 10498?
9
What is the units digit of 647?
7
What is the tens digit of 3802?
0
What is the tens digit of 2859?
5
What is the units digit of 1569?
9
What is the units digit of 54580?
0
What is the hundreds digit of 458?
4
What is the tens digit of 3014?
1
What is the units digit of 53427?
7
What is the hundreds digit of 111380?
3
What is the hundreds digit of 22312?
3
What is the thousands digit of 2338?
2
What is the hundreds digit of 2317?
3
What is the units digit of 292?
2
What is the hundred thousands digit of 148817?
1
What is the tens digit of 1643?
4
What is the tens digit of 1660?
6
What is the thousands digit of 2084?
2
What is the hundreds digit of 31679?
6
What is the units digit of 17634?
4
What is the units digit of 984?
4
What is the hundreds digit of 1206?
2
What is the units digit of 3268?
8
What is the units digit of 13675?
5
What is the tens digit of 22508?
0
What is the tens digit of 1584?
8
What is the thousands digit of 12662?
2
What is the tens digit of 636?
3
What is the units digit of 2051?
1
What is the units digit of 90578?
8
What is the ten thousands digit of 40507?
4
What is the thousands digit of 29332?
9
What is the tens digit of 50?
5
What is the hundreds digit of 1990?
9
What is the thousands digit of 1021?
1
What is the units digit of 47?
7
What is the units digit of 2883?
3
What is the hundreds digit of 1826?
8
What is the units digit of 793?
3
What is the tens digit of 534?
3
What is the tens digit of 11641?
4
What is the units digit of 907?
7
What is the units digit of 3143?
3
What is the tens digit of 2435?
3
What is the thousands digit of 1701?
1
What is the ten thousands digit of 14312?
1
What is the thousands digit of 5378?
5
What is the ten thousands digit of 32576?
3
What is the hundreds digit of 1126?
1
What is the tens digit of 5508?
0
What is the units digit of 75354?
4
What is the tens digit of 572?
7
What is the hundreds digit of 242?
2
What is the thousands digit of 34732?
4
What is the ten thousands digit of 37704?
3
What is the tens digit of 986?
8
What is the hundreds digit of 1127?
1
What is the hundreds digit of 57921?
9
What is the tens digit of 711?
1
What is the tens digit of 827?
2
What is the hundreds digit of 846?
8
What is the ten thousands digit of 54477?
5
What is the hundreds digit of 58642?
6
What is the thousands digit of 18545?
8
What is the units digit of 12024?
4
What is the tens digit of 90351?
5
What is the hundreds digit of 3283?
2
What is the ten thousands digit of 22063?
2
What is the units digit of 2984?
4
What is the units digit of 70765?
5
What is the units digit of 74723?
3
What is the tens digit of 5474?
7
What is the units digit of 556?
6
What is the tens digit of 739?
3
What is the tens digit of 739?
3
What is the units digit of 3906?
6
What is the ten thousands digit of 26928?
2
What is the hundreds digit of 1437?
4
What is the hundreds digit of 1463?
4
What is the ten thousands digit of 33061?
3
What is the ten thousands digit of 17026?
1
What is the ten thousands digit of 45259?
4
What is the units digit of 8582?
2
What is the units digit of 232?
2
What is the units digit of 268?
8
What is the thousands digit of 8033?
8
What is the units digit of 303?
3
What is the hundreds digit of 65390?
3
What is the hundreds digit of 572?
5
What is the hundreds digit of 508?
5
What is the tens digit of 37583?
8
What is the tens digit of 1151?
5
What is the units digit of 309?
9
What is the hundreds digit of 2344?
3
What is the units digit of 4410?
0
What is the hundreds digit of 1814?
8
What is the ten thousands digit of 16396?
1
What is the tens digit of 170394?
9
What is the hundreds digit of 1794?
7
What is the units digit of 1098?
8
What is the thousands digit of 19582?
9
What is the hundreds digit of 30127?
1
What is the tens digit of 413?
1
What is the hundreds digit of 5336?
3
What is the hundreds digit of 7207?
2
What is the units digit of 111207?
7
What is the hundreds digit of 31955?
9
What is the units digit of 11507?
7
What is the tens digit of 57187?
8
What is the tens digit of 1150?
5
What is the tens digit of 5485?
8
What is the tens digit o